{"id":9,"date":"2025-05-27T21:20:47","date_gmt":"2025-05-27T21:20:47","guid":{"rendered":"https:\/\/metacursos.app.br\/?page_id=9"},"modified":"2025-05-28T00:43:10","modified_gmt":"2025-05-28T00:43:10","slug":"inicio","status":"publish","type":"page","link":"https:\/\/metacursos.app.br\/","title":{"rendered":"INICIO"},"content":{"rendered":"\t\t<div data-elementor-type=\"wp-page\" data-elementor-id=\"9\" class=\"elementor elementor-9\" data-elementor-post-type=\"page\">\n\t\t\t\t<div class=\"elementor-element elementor-element-a33a65e e-con-full elementor-hidden-mobile e-flex e-con e-parent\" data-id=\"a33a65e\" data-element_type=\"container\" data-settings=\"{&quot;background_background&quot;:&quot;classic&quot;}\">\n\t\t\t\t<div class=\"elementor-element elementor-element-568e006 elementor-widget elementor-widget-heading\" data-id=\"568e006\" data-element_type=\"widget\" data-widget_type=\"heading.default\">\n\t\t\t\t<div class=\"elementor-widget-container\">\n\t\t\t\t\t<h2 class=\"elementor-heading-title elementor-size-default\">SUA CAPACITA\u00c7\u00c3O<br>PROFISSIONAL COM<br>\n EXCEL\u00caNCIA \u00c9 AQUI!<\/h2>\t\t\t\t<\/div>\n\t\t\t\t<\/div>\n\t\t\t\t<\/div>\n\t\t<div class=\"elementor-element elementor-element-0e3482f e-con-full elementor-hidden-desktop elementor-hidden-tablet e-flex e-con e-parent\" data-id=\"0e3482f\" data-element_type=\"container\" data-settings=\"{&quot;background_background&quot;:&quot;classic&quot;}\">\n\t\t\t\t<div class=\"elementor-element elementor-element-62e9aef elementor-widget elementor-widget-heading\" data-id=\"62e9aef\" data-element_type=\"widget\" data-widget_type=\"heading.default\">\n\t\t\t\t<div class=\"elementor-widget-container\">\n\t\t\t\t\t<h2 class=\"elementor-heading-title elementor-size-default\">SUA CAPACITA\u00c7\u00c3O PROFISSIONAL COM\n EXCEL\u00caNCIA \u00c9 AQUI!<\/h2>\t\t\t\t<\/div>\n\t\t\t\t<\/div>\n\t\t\t\t<\/div>\n\t\t<div class=\"elementor-element elementor-element-dbeb647 e-flex e-con-boxed e-con e-parent\" data-id=\"dbeb647\" data-element_type=\"container\">\n\t\t\t\t\t<div class=\"e-con-inner\">\n\t\t\t\t<div class=\"elementor-element elementor-element-38fd062 elementor-widget elementor-widget-heading\" data-id=\"38fd062\" data-element_type=\"widget\" data-widget_type=\"heading.default\">\n\t\t\t\t<div class=\"elementor-widget-container\">\n\t\t\t\t\t<h2 class=\"elementor-heading-title elementor-size-default\">Transforme seu futuro com a capacita\u00e7\u00e3o certa<\/h2>\t\t\t\t<\/div>\n\t\t\t\t<\/div>\n\t\t\t\t<div class=\"elementor-element elementor-element-c1b1ba9 elementor-widget elementor-widget-text-editor\" data-id=\"c1b1ba9\" data-element_type=\"widget\" data-widget_type=\"text-editor.default\">\n\t\t\t\t<div class=\"elementor-widget-container\">\n\t\t\t\t\t\t\t\t\t<p>No mundo atual, quem se destaca \u00e9 quem est\u00e1 sempre um passo \u00e0 frente. E voc\u00ea? Est\u00e1 pronto para subir o pr\u00f3ximo degrau da sua carreira?<\/p><p>Na META CAPACITA\u00c7\u00c3O PROFISSIONAL, oferecemos cursos de capacita\u00e7\u00e3o profissional pensados para o mercado real. Aqui, voc\u00ea encontra conhecimento pr\u00e1tico, professores experientes e um ambiente de aprendizado din\u00e2mico, 100% online, para voc\u00ea estudar onde e quando quiser.<\/p><p>Seja para conquistar uma nova vaga, mudar de \u00e1rea ou se atualizar no seu setor, nossos cursos foram desenvolvidos para gerar resultados concretos. Cada m\u00f3dulo \u00e9 direto ao ponto, com foco em desenvolver habilidades valorizadas por empresas de todos os portes.<\/p>\t\t\t\t\t\t\t\t<\/div>\n\t\t\t\t<\/div>\n\t\t\t\t\t<\/div>\n\t\t\t\t<\/div>\n\t\t<div class=\"elementor-element elementor-element-6a7066d e-flex e-con-boxed e-con e-parent\" data-id=\"6a7066d\" data-element_type=\"container\">\n\t\t\t\t\t<div class=\"e-con-inner\">\n\t\t\t\t<div class=\"elementor-element elementor-element-0ca3e73 elementor-widget elementor-widget-heading\" data-id=\"0ca3e73\" data-element_type=\"widget\" data-widget_type=\"heading.default\">\n\t\t\t\t<div class=\"elementor-widget-container\">\n\t\t\t\t\t<h2 class=\"elementor-heading-title elementor-size-default\">Adquira um de nossos cursos e receba de forma imediata<\/h2>\t\t\t\t<\/div>\n\t\t\t\t<\/div>\n\t\t\t\t\t<\/div>\n\t\t\t\t<\/div>\n\t\t<div class=\"elementor-element elementor-element-8d2d37a e-con-full elementor-hidden-mobile e-flex e-con e-parent\" data-id=\"8d2d37a\" data-element_type=\"container\">\n\t\t\t\t<div class=\"elementor-element elementor-element-8ab88bf elementor-widget__width-inherit elementor-widget elementor-widget-image\" data-id=\"8ab88bf\" data-element_type=\"widget\" data-widget_type=\"image.default\">\n\t\t\t\t<div class=\"elementor-widget-container\">\n\t\t\t\t\t\t\t\t\t\t\t\t\t\t\t<img fetchpriority=\"high\" decoding=\"async\" width=\"2560\" height=\"700\" src=\"https:\/\/metacursos.app.br\/wp-content\/uploads\/2025\/05\/SlidesSite07.jpg\" class=\"attachment-full size-full wp-image-20\" alt=\"\" srcset=\"https:\/\/metacursos.app.br\/wp-content\/uploads\/2025\/05\/SlidesSite07.jpg 2560w, https:\/\/metacursos.app.br\/wp-content\/uploads\/2025\/05\/SlidesSite07-300x82.jpg 300w, https:\/\/metacursos.app.br\/wp-content\/uploads\/2025\/05\/SlidesSite07-1024x280.jpg 1024w, https:\/\/metacursos.app.br\/wp-content\/uploads\/2025\/05\/SlidesSite07-768x210.jpg 768w, https:\/\/metacursos.app.br\/wp-content\/uploads\/2025\/05\/SlidesSite07-1536x420.jpg 1536w, https:\/\/metacursos.app.br\/wp-content\/uploads\/2025\/05\/SlidesSite07-2048x560.jpg 2048w\" sizes=\"(max-width: 2560px) 100vw, 2560px\" \/>\t\t\t\t\t\t\t\t\t\t\t\t\t\t\t<\/div>\n\t\t\t\t<\/div>\n\t\t\t\t<\/div>\n\t\t<div class=\"elementor-element elementor-element-ccde8d8 e-con-full elementor-hidden-desktop elementor-hidden-tablet e-flex e-con e-parent\" data-id=\"ccde8d8\" data-element_type=\"container\">\n\t\t\t\t<div class=\"elementor-element elementor-element-c4c96d8 elementor-widget__width-inherit elementor-widget elementor-widget-image\" data-id=\"c4c96d8\" data-element_type=\"widget\" data-widget_type=\"image.default\">\n\t\t\t\t<div class=\"elementor-widget-container\">\n\t\t\t\t\t\t\t\t\t\t\t\t\t\t\t<img decoding=\"async\" width=\"1080\" height=\"1080\" src=\"https:\/\/metacursos.app.br\/wp-content\/uploads\/2025\/05\/Feed1080-INSS.jpg\" class=\"attachment-full size-full wp-image-50\" alt=\"\" srcset=\"https:\/\/metacursos.app.br\/wp-content\/uploads\/2025\/05\/Feed1080-INSS.jpg 1080w, https:\/\/metacursos.app.br\/wp-content\/uploads\/2025\/05\/Feed1080-INSS-300x300.jpg 300w, https:\/\/metacursos.app.br\/wp-content\/uploads\/2025\/05\/Feed1080-INSS-1024x1024.jpg 1024w, https:\/\/metacursos.app.br\/wp-content\/uploads\/2025\/05\/Feed1080-INSS-150x150.jpg 150w, https:\/\/metacursos.app.br\/wp-content\/uploads\/2025\/05\/Feed1080-INSS-768x768.jpg 768w, https:\/\/metacursos.app.br\/wp-content\/uploads\/2025\/05\/Feed1080-INSS-600x600.jpg 600w\" sizes=\"(max-width: 1080px) 100vw, 1080px\" \/>\t\t\t\t\t\t\t\t\t\t\t\t\t\t\t<\/div>\n\t\t\t\t<\/div>\n\t\t\t\t<\/div>\n\t\t<div class=\"elementor-element elementor-element-be2a0da e-con-full elementor-hidden-mobile e-flex e-con e-parent\" data-id=\"be2a0da\" data-element_type=\"container\">\n\t\t\t\t<div class=\"elementor-element elementor-element-0e274e0 elementor-widget__width-inherit elementor-widget elementor-widget-image\" data-id=\"0e274e0\" data-element_type=\"widget\" data-widget_type=\"image.default\">\n\t\t\t\t<div class=\"elementor-widget-container\">\n\t\t\t\t\t\t\t\t\t\t\t\t\t\t\t<img decoding=\"async\" width=\"2560\" height=\"700\" src=\"https:\/\/metacursos.app.br\/wp-content\/uploads\/2025\/05\/SlidesSite06.jpg\" class=\"attachment-full size-full wp-image-19\" alt=\"\" srcset=\"https:\/\/metacursos.app.br\/wp-content\/uploads\/2025\/05\/SlidesSite06.jpg 2560w, https:\/\/metacursos.app.br\/wp-content\/uploads\/2025\/05\/SlidesSite06-300x82.jpg 300w, https:\/\/metacursos.app.br\/wp-content\/uploads\/2025\/05\/SlidesSite06-1024x280.jpg 1024w, https:\/\/metacursos.app.br\/wp-content\/uploads\/2025\/05\/SlidesSite06-768x210.jpg 768w, https:\/\/metacursos.app.br\/wp-content\/uploads\/2025\/05\/SlidesSite06-1536x420.jpg 1536w, https:\/\/metacursos.app.br\/wp-content\/uploads\/2025\/05\/SlidesSite06-2048x560.jpg 2048w\" sizes=\"(max-width: 2560px) 100vw, 2560px\" \/>\t\t\t\t\t\t\t\t\t\t\t\t\t\t\t<\/div>\n\t\t\t\t<\/div>\n\t\t\t\t<\/div>\n\t\t<div class=\"elementor-element elementor-element-e78209c e-con-full elementor-hidden-desktop elementor-hidden-tablet e-flex e-con e-parent\" data-id=\"e78209c\" data-element_type=\"container\">\n\t\t\t\t<div class=\"elementor-element elementor-element-afa490e elementor-widget__width-inherit elementor-widget elementor-widget-image\" data-id=\"afa490e\" data-element_type=\"widget\" data-widget_type=\"image.default\">\n\t\t\t\t<div class=\"elementor-widget-container\">\n\t\t\t\t\t\t\t\t\t\t\t\t\t\t\t<img loading=\"lazy\" decoding=\"async\" width=\"1080\" height=\"1080\" src=\"https:\/\/metacursos.app.br\/wp-content\/uploads\/2025\/05\/Feed1080-Enem.jpg\" class=\"attachment-full size-full wp-image-51\" alt=\"\" srcset=\"https:\/\/metacursos.app.br\/wp-content\/uploads\/2025\/05\/Feed1080-Enem.jpg 1080w, https:\/\/metacursos.app.br\/wp-content\/uploads\/2025\/05\/Feed1080-Enem-300x300.jpg 300w, https:\/\/metacursos.app.br\/wp-content\/uploads\/2025\/05\/Feed1080-Enem-1024x1024.jpg 1024w, https:\/\/metacursos.app.br\/wp-content\/uploads\/2025\/05\/Feed1080-Enem-150x150.jpg 150w, https:\/\/metacursos.app.br\/wp-content\/uploads\/2025\/05\/Feed1080-Enem-768x768.jpg 768w, https:\/\/metacursos.app.br\/wp-content\/uploads\/2025\/05\/Feed1080-Enem-600x600.jpg 600w\" sizes=\"(max-width: 1080px) 100vw, 1080px\" \/>\t\t\t\t\t\t\t\t\t\t\t\t\t\t\t<\/div>\n\t\t\t\t<\/div>\n\t\t\t\t<\/div>\n\t\t<div class=\"elementor-element elementor-element-f39ed23 e-con-full elementor-hidden-mobile e-flex e-con e-parent\" data-id=\"f39ed23\" data-element_type=\"container\">\n\t\t\t\t<div class=\"elementor-element elementor-element-ddbf57f elementor-widget__width-inherit elementor-widget elementor-widget-image\" data-id=\"ddbf57f\" data-element_type=\"widget\" data-widget_type=\"image.default\">\n\t\t\t\t<div class=\"elementor-widget-container\">\n\t\t\t\t\t\t\t\t\t\t\t\t\t\t\t<img loading=\"lazy\" decoding=\"async\" width=\"2560\" height=\"700\" src=\"https:\/\/metacursos.app.br\/wp-content\/uploads\/2025\/05\/SlidesSite04.jpg\" class=\"attachment-full size-full wp-image-17\" alt=\"\" srcset=\"https:\/\/metacursos.app.br\/wp-content\/uploads\/2025\/05\/SlidesSite04.jpg 2560w, https:\/\/metacursos.app.br\/wp-content\/uploads\/2025\/05\/SlidesSite04-300x82.jpg 300w, https:\/\/metacursos.app.br\/wp-content\/uploads\/2025\/05\/SlidesSite04-1024x280.jpg 1024w, https:\/\/metacursos.app.br\/wp-content\/uploads\/2025\/05\/SlidesSite04-768x210.jpg 768w, https:\/\/metacursos.app.br\/wp-content\/uploads\/2025\/05\/SlidesSite04-1536x420.jpg 1536w, https:\/\/metacursos.app.br\/wp-content\/uploads\/2025\/05\/SlidesSite04-2048x560.jpg 2048w\" sizes=\"(max-width: 2560px) 100vw, 2560px\" \/>\t\t\t\t\t\t\t\t\t\t\t\t\t\t\t<\/div>\n\t\t\t\t<\/div>\n\t\t\t\t<\/div>\n\t\t<div class=\"elementor-element elementor-element-92f52f4 e-con-full elementor-hidden-desktop elementor-hidden-tablet e-flex e-con e-parent\" data-id=\"92f52f4\" data-element_type=\"container\">\n\t\t\t\t<div class=\"elementor-element elementor-element-b4a61e9 elementor-widget__width-inherit elementor-widget elementor-widget-image\" data-id=\"b4a61e9\" data-element_type=\"widget\" data-widget_type=\"image.default\">\n\t\t\t\t<div class=\"elementor-widget-container\">\n\t\t\t\t\t\t\t\t\t\t\t\t\t\t\t<img loading=\"lazy\" decoding=\"async\" width=\"1080\" height=\"1080\" src=\"https:\/\/metacursos.app.br\/wp-content\/uploads\/2025\/05\/Feed1080-Publico.jpg\" class=\"attachment-full size-full wp-image-52\" alt=\"\" srcset=\"https:\/\/metacursos.app.br\/wp-content\/uploads\/2025\/05\/Feed1080-Publico.jpg 1080w, https:\/\/metacursos.app.br\/wp-content\/uploads\/2025\/05\/Feed1080-Publico-300x300.jpg 300w, https:\/\/metacursos.app.br\/wp-content\/uploads\/2025\/05\/Feed1080-Publico-1024x1024.jpg 1024w, https:\/\/metacursos.app.br\/wp-content\/uploads\/2025\/05\/Feed1080-Publico-150x150.jpg 150w, https:\/\/metacursos.app.br\/wp-content\/uploads\/2025\/05\/Feed1080-Publico-768x768.jpg 768w, https:\/\/metacursos.app.br\/wp-content\/uploads\/2025\/05\/Feed1080-Publico-600x600.jpg 600w\" sizes=\"(max-width: 1080px) 100vw, 1080px\" \/>\t\t\t\t\t\t\t\t\t\t\t\t\t\t\t<\/div>\n\t\t\t\t<\/div>\n\t\t\t\t<\/div>\n\t\t<div class=\"elementor-element elementor-element-004ad28 e-con-full elementor-hidden-mobile e-flex e-con e-parent\" data-id=\"004ad28\" data-element_type=\"container\">\n\t\t\t\t<div class=\"elementor-element elementor-element-390ff82 elementor-widget__width-inherit elementor-widget elementor-widget-image\" data-id=\"390ff82\" data-element_type=\"widget\" data-widget_type=\"image.default\">\n\t\t\t\t<div class=\"elementor-widget-container\">\n\t\t\t\t\t\t\t\t\t\t\t\t\t\t\t<img loading=\"lazy\" decoding=\"async\" width=\"2560\" height=\"700\" src=\"https:\/\/metacursos.app.br\/wp-content\/uploads\/2025\/05\/SlidesSite05.jpg\" class=\"attachment-full size-full wp-image-18\" alt=\"\" srcset=\"https:\/\/metacursos.app.br\/wp-content\/uploads\/2025\/05\/SlidesSite05.jpg 2560w, https:\/\/metacursos.app.br\/wp-content\/uploads\/2025\/05\/SlidesSite05-300x82.jpg 300w, https:\/\/metacursos.app.br\/wp-content\/uploads\/2025\/05\/SlidesSite05-1024x280.jpg 1024w, https:\/\/metacursos.app.br\/wp-content\/uploads\/2025\/05\/SlidesSite05-768x210.jpg 768w, https:\/\/metacursos.app.br\/wp-content\/uploads\/2025\/05\/SlidesSite05-1536x420.jpg 1536w, https:\/\/metacursos.app.br\/wp-content\/uploads\/2025\/05\/SlidesSite05-2048x560.jpg 2048w\" sizes=\"(max-width: 2560px) 100vw, 2560px\" \/>\t\t\t\t\t\t\t\t\t\t\t\t\t\t\t<\/div>\n\t\t\t\t<\/div>\n\t\t\t\t<\/div>\n\t\t<div class=\"elementor-element elementor-element-533590b e-con-full elementor-hidden-desktop elementor-hidden-tablet e-flex e-con e-parent\" data-id=\"533590b\" data-element_type=\"container\">\n\t\t\t\t<div class=\"elementor-element elementor-element-7fdc69d elementor-widget__width-inherit elementor-widget elementor-widget-image\" data-id=\"7fdc69d\" data-element_type=\"widget\" data-widget_type=\"image.default\">\n\t\t\t\t<div class=\"elementor-widget-container\">\n\t\t\t\t\t\t\t\t\t\t\t\t\t\t\t<img loading=\"lazy\" decoding=\"async\" width=\"1080\" height=\"1080\" src=\"https:\/\/metacursos.app.br\/wp-content\/uploads\/2025\/05\/Feed1080-Federal.jpg\" class=\"attachment-full size-full wp-image-53\" alt=\"\" srcset=\"https:\/\/metacursos.app.br\/wp-content\/uploads\/2025\/05\/Feed1080-Federal.jpg 1080w, https:\/\/metacursos.app.br\/wp-content\/uploads\/2025\/05\/Feed1080-Federal-300x300.jpg 300w, https:\/\/metacursos.app.br\/wp-content\/uploads\/2025\/05\/Feed1080-Federal-1024x1024.jpg 1024w, https:\/\/metacursos.app.br\/wp-content\/uploads\/2025\/05\/Feed1080-Federal-150x150.jpg 150w, https:\/\/metacursos.app.br\/wp-content\/uploads\/2025\/05\/Feed1080-Federal-768x768.jpg 768w, https:\/\/metacursos.app.br\/wp-content\/uploads\/2025\/05\/Feed1080-Federal-600x600.jpg 600w\" sizes=\"(max-width: 1080px) 100vw, 1080px\" \/>\t\t\t\t\t\t\t\t\t\t\t\t\t\t\t<\/div>\n\t\t\t\t<\/div>\n\t\t\t\t<\/div>\n\t\t<div class=\"elementor-element elementor-element-de95d0a e-con-full e-flex e-con e-parent\" data-id=\"de95d0a\" data-element_type=\"container\">\n\t\t\t\t<div class=\"elementor-element elementor-element-6e179b6 elementor-widget__width-inherit elementor-widget elementor-widget-image\" data-id=\"6e179b6\" data-element_type=\"widget\" data-widget_type=\"image.default\">\n\t\t\t\t<div class=\"elementor-widget-container\">\n\t\t\t\t\t\t\t\t\t\t\t\t\t\t\t<img loading=\"lazy\" decoding=\"async\" width=\"2560\" height=\"700\" src=\"https:\/\/metacursos.app.br\/wp-content\/uploads\/2025\/05\/SlidesSite01.jpg\" class=\"attachment-full size-full wp-image-14\" alt=\"\" srcset=\"https:\/\/metacursos.app.br\/wp-content\/uploads\/2025\/05\/SlidesSite01.jpg 2560w, https:\/\/metacursos.app.br\/wp-content\/uploads\/2025\/05\/SlidesSite01-300x82.jpg 300w, https:\/\/metacursos.app.br\/wp-content\/uploads\/2025\/05\/SlidesSite01-1024x280.jpg 1024w, https:\/\/metacursos.app.br\/wp-content\/uploads\/2025\/05\/SlidesSite01-768x210.jpg 768w, https:\/\/metacursos.app.br\/wp-content\/uploads\/2025\/05\/SlidesSite01-1536x420.jpg 1536w, https:\/\/metacursos.app.br\/wp-content\/uploads\/2025\/05\/SlidesSite01-2048x560.jpg 2048w\" sizes=\"(max-width: 2560px) 100vw, 2560px\" \/>\t\t\t\t\t\t\t\t\t\t\t\t\t\t\t<\/div>\n\t\t\t\t<\/div>\n\t\t\t\t<\/div>\n\t\t<div class=\"elementor-element elementor-element-b56376b e-con-full e-flex e-con e-parent\" data-id=\"b56376b\" data-element_type=\"container\">\n\t\t\t\t<div class=\"elementor-element elementor-element-8faf4e7 elementor-widget__width-inherit elementor-widget elementor-widget-image\" data-id=\"8faf4e7\" data-element_type=\"widget\" data-widget_type=\"image.default\">\n\t\t\t\t<div class=\"elementor-widget-container\">\n\t\t\t\t\t\t\t\t\t\t\t\t\t\t\t<img loading=\"lazy\" decoding=\"async\" width=\"2560\" height=\"700\" src=\"https:\/\/metacursos.app.br\/wp-content\/uploads\/2025\/05\/SlidesSite03.jpg\" class=\"attachment-full size-full wp-image-16\" alt=\"\" srcset=\"https:\/\/metacursos.app.br\/wp-content\/uploads\/2025\/05\/SlidesSite03.jpg 2560w, https:\/\/metacursos.app.br\/wp-content\/uploads\/2025\/05\/SlidesSite03-300x82.jpg 300w, https:\/\/metacursos.app.br\/wp-content\/uploads\/2025\/05\/SlidesSite03-1024x280.jpg 1024w, https:\/\/metacursos.app.br\/wp-content\/uploads\/2025\/05\/SlidesSite03-768x210.jpg 768w, https:\/\/metacursos.app.br\/wp-content\/uploads\/2025\/05\/SlidesSite03-1536x420.jpg 1536w, https:\/\/metacursos.app.br\/wp-content\/uploads\/2025\/05\/SlidesSite03-2048x560.jpg 2048w\" sizes=\"(max-width: 2560px) 100vw, 2560px\" \/>\t\t\t\t\t\t\t\t\t\t\t\t\t\t\t<\/div>\n\t\t\t\t<\/div>\n\t\t\t\t<\/div>\n\t\t<div class=\"elementor-element elementor-element-108ce66 e-con-full e-flex e-con e-parent\" data-id=\"108ce66\" data-element_type=\"container\">\n\t\t\t\t<div class=\"elementor-element elementor-element-2b37abd elementor-widget__width-inherit elementor-widget elementor-widget-image\" data-id=\"2b37abd\" data-element_type=\"widget\" data-widget_type=\"image.default\">\n\t\t\t\t<div class=\"elementor-widget-container\">\n\t\t\t\t\t\t\t\t\t\t\t\t\t\t\t<img loading=\"lazy\" decoding=\"async\" width=\"2560\" height=\"700\" src=\"https:\/\/metacursos.app.br\/wp-content\/uploads\/2025\/05\/SlidesSite02.jpg\" class=\"attachment-full size-full wp-image-15\" alt=\"\" srcset=\"https:\/\/metacursos.app.br\/wp-content\/uploads\/2025\/05\/SlidesSite02.jpg 2560w, https:\/\/metacursos.app.br\/wp-content\/uploads\/2025\/05\/SlidesSite02-300x82.jpg 300w, https:\/\/metacursos.app.br\/wp-content\/uploads\/2025\/05\/SlidesSite02-1024x280.jpg 1024w, https:\/\/metacursos.app.br\/wp-content\/uploads\/2025\/05\/SlidesSite02-768x210.jpg 768w, https:\/\/metacursos.app.br\/wp-content\/uploads\/2025\/05\/SlidesSite02-1536x420.jpg 1536w, https:\/\/metacursos.app.br\/wp-content\/uploads\/2025\/05\/SlidesSite02-2048x560.jpg 2048w\" sizes=\"(max-width: 2560px) 100vw, 2560px\" \/>\t\t\t\t\t\t\t\t\t\t\t\t\t\t\t<\/div>\n\t\t\t\t<\/div>\n\t\t\t\t<\/div>\n\t\t<div class=\"elementor-element elementor-element-a43c51c e-con-full e-flex e-con e-parent\" data-id=\"a43c51c\" data-element_type=\"container\">\n\t\t\t\t<div class=\"elementor-element elementor-element-c3c3edd elementor-widget elementor-widget-heading\" data-id=\"c3c3edd\" data-element_type=\"widget\" data-widget_type=\"heading.default\">\n\t\t\t\t<div class=\"elementor-widget-container\">\n\t\t\t\t\t<h2 class=\"elementor-heading-title elementor-size-default\">Invista no seu maior patrim\u00f4nio:<br>voc\u00ea mesmo.<\/h2>\t\t\t\t<\/div>\n\t\t\t\t<\/div>\n\t\t\t\t<div class=\"elementor-element elementor-element-204fcd7 elementor-widget elementor-widget-text-editor\" data-id=\"204fcd7\" data-element_type=\"widget\" data-widget_type=\"text-editor.default\">\n\t\t\t\t<div class=\"elementor-widget-container\">\n\t\t\t\t\t\t\t\t\t<p>Comece hoje a construir a carreira que voc\u00ea sempre quis.<\/p>\t\t\t\t\t\t\t\t<\/div>\n\t\t\t\t<\/div>\n\t\t\t\t<div class=\"elementor-element elementor-element-a722520 elementor-align-center animated-slow elementor-invisible elementor-widget elementor-widget-button\" data-id=\"a722520\" data-element_type=\"widget\" data-settings=\"{&quot;_animation&quot;:&quot;flash&quot;,&quot;_animation_delay&quot;:300}\" data-widget_type=\"button.default\">\n\t\t\t\t<div class=\"elementor-widget-container\">\n\t\t\t\t\t\t\t\t\t<div class=\"elementor-button-wrapper\">\n\t\t\t\t\t<a class=\"elementor-button elementor-button-link elementor-size-sm\" href=\"http:\/\/wa.me\/5583996499547\">\n\t\t\t\t\t\t<span class=\"elementor-button-content-wrapper\">\n\t\t\t\t\t\t\t\t\t<span class=\"elementor-button-text\">Quero come\u00e7ar agora<\/span>\n\t\t\t\t\t<\/span>\n\t\t\t\t\t<\/a>\n\t\t\t\t<\/div>\n\t\t\t\t\t\t\t\t<\/div>\n\t\t\t\t<\/div>\n\t\t\t\t<\/div>\n\t\t<div class=\"elementor-element elementor-element-8844d4b e-grid e-con-full e-con e-parent\" data-id=\"8844d4b\" data-element_type=\"container\" data-settings=\"{&quot;background_background&quot;:&quot;classic&quot;}\">\n\t\t\t\t<div class=\"elementor-element elementor-element-ad61ff3 elementor-widget elementor-widget-image\" data-id=\"ad61ff3\" data-element_type=\"widget\" data-widget_type=\"image.default\">\n\t\t\t\t<div class=\"elementor-widget-container\">\n\t\t\t\t\t\t\t\t\t\t\t\t\t\t\t<img decoding=\"async\" src=\"https:\/\/metacursos.app.br\/wp-content\/uploads\/elementor\/thumbs\/Logo-MetaCursos-r6g05t28n9siqk2w1mn7oil6brcqchs71zjl0pd4cc.png\" title=\"Logo MetaCursos\" alt=\"Logo MetaCursos\" loading=\"lazy\" \/>\t\t\t\t\t\t\t\t\t\t\t\t\t\t\t<\/div>\n\t\t\t\t<\/div>\n\t\t\t\t<div class=\"elementor-element elementor-element-fd44ee3 elementor-widget elementor-widget-text-editor\" data-id=\"fd44ee3\" data-element_type=\"widget\" data-widget_type=\"text-editor.default\">\n\t\t\t\t<div class=\"elementor-widget-container\">\n\t\t\t\t\t\t\t\t\t<p>@2024-2025 \u2022 META CAPACITA\u00c7\u00c3O PROFISSIONAL<br \/>CNPJ: 37.740.525\/0001-73<\/p>\t\t\t\t\t\t\t\t<\/div>\n\t\t\t\t<\/div>\n\t\t\t\t<\/div>\n\t\t\t\t<\/div>\n\t\t","protected":false},"excerpt":{"rendered":"<p>SUA CAPACITA\u00c7\u00c3OPROFISSIONAL COM EXCEL\u00caNCIA \u00c9 AQUI! SUA CAPACITA\u00c7\u00c3O PROFISSIONAL COM EXCEL\u00caNCIA \u00c9 AQUI! Transforme seu futuro com a capacita\u00e7\u00e3o certa No mundo atual, quem se destaca \u00e9 quem est\u00e1 sempre um passo \u00e0 frente. E voc\u00ea? Est\u00e1 pronto para subir o pr\u00f3ximo degrau da sua carreira? Na META CAPACITA\u00c7\u00c3O PROFISSIONAL, oferecemos cursos de capacita\u00e7\u00e3o profissional [&hellip;]<\/p>\n","protected":false},"author":1,"featured_media":0,"parent":0,"menu_order":0,"comment_status":"closed","ping_status":"closed","template":"","meta":{"ocean_post_layout":"full-screen","ocean_both_sidebars_style":"","ocean_both_sidebars_content_width":0,"ocean_both_sidebars_sidebars_width":0,"ocean_sidebar":"","ocean_second_sidebar":"","ocean_disable_margins":"enable","ocean_add_body_class":"","ocean_shortcode_before_top_bar":"","ocean_shortcode_after_top_bar":"","ocean_shortcode_before_header":"","ocean_shortcode_after_header":"","ocean_has_shortcode":"","ocean_shortcode_after_title":"","ocean_shortcode_before_footer_widgets":"","ocean_shortcode_after_footer_widgets":"","ocean_shortcode_before_footer_bottom":"","ocean_shortcode_after_footer_bottom":"","ocean_display_top_bar":"off","ocean_display_header":"off","ocean_header_style":"","ocean_center_header_left_menu":"","ocean_custom_header_template":"","ocean_custom_logo":0,"ocean_custom_retina_logo":0,"ocean_custom_logo_max_width":0,"ocean_custom_logo_tablet_max_width":0,"ocean_custom_logo_mobile_max_width":0,"ocean_custom_logo_max_height":0,"ocean_custom_logo_tablet_max_height":0,"ocean_custom_logo_mobile_max_height":0,"ocean_header_custom_menu":"","ocean_menu_typo_font_family":"","ocean_menu_typo_font_subset":"","ocean_menu_typo_font_size":0,"ocean_menu_typo_font_size_tablet":0,"ocean_menu_typo_font_size_mobile":0,"ocean_menu_typo_font_size_unit":"px","ocean_menu_typo_font_weight":"","ocean_menu_typo_font_weight_tablet":"","ocean_menu_typo_font_weight_mobile":"","ocean_menu_typo_transform":"","ocean_menu_typo_transform_tablet":"","ocean_menu_typo_transform_mobile":"","ocean_menu_typo_line_height":0,"ocean_menu_typo_line_height_tablet":0,"ocean_menu_typo_line_height_mobile":0,"ocean_menu_typo_line_height_unit":"","ocean_menu_typo_spacing":0,"ocean_menu_typo_spacing_tablet":0,"ocean_menu_typo_spacing_mobile":0,"ocean_menu_typo_spacing_unit":"","ocean_menu_link_color":"","ocean_menu_link_color_hover":"","ocean_menu_link_color_active":"","ocean_menu_link_background":"","ocean_menu_link_hover_background":"","ocean_menu_link_active_background":"","ocean_menu_social_links_bg":"","ocean_menu_social_hover_links_bg":"","ocean_menu_social_links_color":"","ocean_menu_social_hover_links_color":"","ocean_disable_title":"on","ocean_disable_heading":"default","ocean_post_title":"","ocean_post_subheading":"","ocean_post_title_style":"","ocean_post_title_background_color":"","ocean_post_title_background":0,"ocean_post_title_bg_image_position":"","ocean_post_title_bg_image_attachment":"","ocean_post_title_bg_image_repeat":"","ocean_post_title_bg_image_size":"","ocean_post_title_height":0,"ocean_post_title_bg_overlay":0.5,"ocean_post_title_bg_overlay_color":"","ocean_disable_breadcrumbs":"off","ocean_breadcrumbs_color":"","ocean_breadcrumbs_separator_color":"","ocean_breadcrumbs_links_color":"","ocean_breadcrumbs_links_hover_color":"","ocean_display_footer_widgets":"off","ocean_display_footer_bottom":"off","ocean_custom_footer_template":"","footnotes":""},"class_list":["post-9","page","type-page","status-publish","hentry","entry"],"_links":{"self":[{"href":"https:\/\/metacursos.app.br\/index.php\/wp-json\/wp\/v2\/pages\/9","targetHints":{"allow":["GET"]}}],"collection":[{"href":"https:\/\/metacursos.app.br\/index.php\/wp-json\/wp\/v2\/pages"}],"about":[{"href":"https:\/\/metacursos.app.br\/index.php\/wp-json\/wp\/v2\/types\/page"}],"author":[{"embeddable":true,"href":"https:\/\/metacursos.app.br\/index.php\/wp-json\/wp\/v2\/users\/1"}],"replies":[{"embeddable":true,"href":"https:\/\/metacursos.app.br\/index.php\/wp-json\/wp\/v2\/comments?post=9"}],"version-history":[{"count":31,"href":"https:\/\/metacursos.app.br\/index.php\/wp-json\/wp\/v2\/pages\/9\/revisions"}],"predecessor-version":[{"id":63,"href":"https:\/\/metacursos.app.br\/index.php\/wp-json\/wp\/v2\/pages\/9\/revisions\/63"}],"wp:attachment":[{"href":"https:\/\/metacursos.app.br\/index.php\/wp-json\/wp\/v2\/media?parent=9"}],"curies":[{"name":"wp","href":"https:\/\/api.w.org\/{rel}","templated":true}]}}